mainder when k(6) is divided by 41?
38
Let z(m) be the first derivative of m**4/4 - 2*m**3/3 + m**2 + m - 2. What is the remainder when z(2) is divided by 3?
2
Let m = 1 + 0. Suppose m = 5*g - 14. What is the remainder when 8 is divided by g + 1 + (1 - 2)?
2
Calculate the remainder when 148 is divided by (15/(-3))/(-10)*60.
28
Suppose 72 = 4*i - 4*y, -2*y - 67 = -4*i + y. Calculate the remainder when 32 is divided by i.
6
Let b(o) = 5*o - 2. Let y = 4 - 2. Suppose -32 + 12 = -y*v. What is the remainder when b(4) is divided by v?
8
Let w = 1 - -2. Let l = 3 - 0. Let v = l + 4. Calculate the remainder when v is divided by w.
1
Suppose -b - 32 = -66. Calculate the remainder when b is divided by 19.
15
Let g = 0 - 3. Let q = g + 8. Suppose -2*o + o = -q. Calculate the remainder when 14 is divided by o.
4
Suppose -5*s = 8 - 3, 3*o + s = 23. What is the remainder when (-6)/(-4) - 54/(-4) is divided by o?
7
Let o(g) = 2*g**3 - 3*g**2 - 12*g + 13. Calculate the remainder when 177 is divided by o(4).
42
Suppose 0 = 2*o - 5*o. Suppose o*h + 3 = 3*h. Let l = h - -40. Calculate the remainder when l is divided by 14.
13
Let o(i) = -2*i - 25. Calculate the remainder when 61 is divided by o(-23).
19
Let w = 11 - 7. What is the remainder when 27 is divided by (-78)/(-12) - (-2)/w?
6
Suppose 0 = y - 2*y + 5*j + 3, 6 = -y - 4*j. Calculate the remainder when -17*(-4 + 1 + 1) is divided by 9/y*(-8)/3.
10
Let t(l) = -l + 5. Calculate the remainder when 35 is divided by t(-16).
14
Let j = -25 - -16. Let x = j + 23. Calculate the remainder when 27 is divided by x.
13
Suppose 125 = 5*z - 280. Calculate the remainder when z is divided by 29.
23
Let b = 0 + 8. Let q(w) = -w**2 + 10*w - 8. Suppose 0 = 5*h - g - 147, 25 = 2*h - 5*g - 20. What is the remainder when h is divided by q(b)?
6
Let o(j) = -j**3 + 3*j + 1. Let x(k) = -9*k - 127. What is the remainder when x(-15) is divided by o(-2)?
2
Suppose -2*n = -n - 10. Let z be (12/(-8))/((-2)/(-4)). Let v = n + z. Calculate the remainder when 20 is divided by v.
6
What is the remainder when 1/((-1)/3) + (104 - 53) is divided by 25?
23
Suppose -4*j + 13 = -139. Suppose 4*q - 5*u - 122 = 0, -q - j = -2*q + 5*u. Calculate the remainder when q is divided by 10.
8
What is the remainder when (-63 + 1)*-6*(-10)/(-40) is divided by 16?
13
Let t be 16/6*6*2. Suppose 0*p = 4*p - t. Suppose n - 4*s - 43 = 0, -s - 158 = -p*n + 3*n. What is the remainder when n is divided by 11?
9
Let l = -62 + 90. Suppose 2*b - 5*g + 15 = 0, -53 = 3*b + g - 5. Calculate the remainder when l is divided by b/(0 + -4 + 3).
13
Calculate the remainder when 9/(-6) - 1521/(-26) is divided by 29.
28
Suppose -4*g + 10 = g. Suppose -g*v - 2*v + 48 = 0. What is the remainder when 34 is divided by v?
10
Let t(n) = n + 28. Let v be t(0). Let y = 40 - v. Calculate the remainder when 23 is divided by y.
11
Suppose 2*o - 30 = -2*w, -2*w + 5*o + 0 = -2. Let c = -7 + w. Suppose -3*k + y = -4, -3*k - c*y + 2*y = -10. What is the remainder when 2 is divided by k?
0
Let t(j) = -j**2 - 11*j - 8. Let d be t(-9). Let b be 24/d + (-4)/10. What is the remainder when 20 is divided by b*(-1 + (-18)/(-4))?
6
Let l(w) be the second derivative of w**5/10 - w**4/4 + w**3/3 - 2*w**2 - 2*w. Let n be l(3). Calculate the remainder when n*(2 + (-2)/2) is divided by 10.
9
Suppose -r + 4*k = -19, 80 + 101 = 4*r + 5*k. Calculate the remainder when 153 is divided by r.
36
Suppose -g + 3*g = 0. Suppose -3*j - 2*a + 56 = -a, g = 5*j - a - 104. Calculate the remainder when j is divided by 6.
2
Suppose 13*t - 60 = -7*t. Calculate the remainder when 6 is divided by t.
0
Let m(x) = -2*x**3 + 2*x**3 + 2*x + 3*x**3 - 2 + 4*x**2. Let q be m(-2). What is the remainder when 35 is divided by (-3)/(9/6) - q?
11
Let d = -21 + 16. Let r(s) = -3*s - 7. Calculate the remainder when 14 is divided by r(d).
6
Let b(h) = h**3 - 28*h**2 - 30*h + 48. Calculate the remainder when 94 is divided by b(29).
18
Suppose -l + 10 = -0*l. Suppose -5*h - 4*d = 4 - 29, -d = -3*h + 15. What is the remainder when l is divided by h?
0
Suppose 2*d = 4*d - 16. Suppose -z + 14 + 7 = 0. What is the remainder when z is divided by d?
5
Let c(i) = 2*i**2 - 3*i - 2. Let x be c(-3). Suppose -4*t = t - x. Calculate the remainder when t is divided by 3.
2
Let j = 191 - 134. What is the remainder when j is divided by 20?
17
Calculate the remainder when (20/(-16))/(1/(-44)) is divided by 14.
13
Suppose -3*m + 6*m - 274 = -i, 0 = 5*m - i - 462. Suppose -5*g = 2*o - 7*g - 90, -2*o + 4*g = -m. What is the remainder when o is divided by 15?
14
Let w be 3 - 3/9*0. Suppose -w*i = -4*i + 6. Calculate the remainder when i is divided by 4.
2
Let c = 7 - -4. What is the remainder when 43 is divided by c?
10
Suppose -2*w + 3*f = -80, 2*w - 35 = w - f. What is the remainder when 147 is divided by w?
36
Let i(r) = r**2 - 5*r - 2. Suppose -z + 1 - 6 = 0. Let d(q) = q + 8. What is the remainder when i(6) is divided by d(z)?
1
Let l = 0 - -10. Suppose 0*f - 4*m = f + l, f - 20 = 2*m. Calculate the remainder when 38 is divided by f.
8
Let h(o) = -7*o - 27. What is the remainder when 27 is divided by h(-6)?
12
Calculate the remainder when 5/(-5) + 76*1 is divided by 11.
9
Let c(o) = 3*o**2 + 11*o + 7. Calculate the remainder when c(-7) is divided by 16.
13
Let v = 4 + -2. Calculate the remainder when 26 is divided by 249/27 + v/(-9).
8
Let u = -35 + 74. Calculate the remainder when u is divided by 14.
11
Let d = -388 + -127. Let z be (-6)/(-33) + d/(-11). Let f = z + 3. What is the remainder when f is divided by 17?
16
Let u(o) be the first derivative of -17*o**4/4 - o**3/3 - o**2/2 - o - 2. Suppose 0*d - 30 = -5*d. What is the remainder when u(-1) is divided by d?
4
Let t(l) = 25*l**3 - 2*l**2 + l**2 - 2*l**3. Calculate the remainder when t(1) is divided by 12.
10
Let o(s) = s**3 - s**2. Let x be o(0). Suppose -j + 5*j - 12 = x. Suppose 3*f = 3*h + 18, f + 2*h = -j*f + 54. Calculate the remainder when 32 is divided by f.
10
Let p(s) = s**2 + 6*s - 10. Suppose 4*b + 36 = 2*t - t, 28 = -3*b + t. Let x be p(b). Let g = x + 6. What is the remainder when 34 is divided by g?
10
What is the remainder when 4 + (-30)/6 - -115 is divided by 58?
56
Let g(b) = b**3 + 5*b**2 - 2*b - 3. Let o be g(-5). Let t = 15 - o. Let x(d) = -2*d + 6. Calculate the remainder when x(-8) is divided by t.
6
Let h(p) = 4*p**2 - 4*p - 7. Calculate the remainder when h(6) is divided by 29.
26
Let r = -1 + -17. Let w = 14 - r. Let s(t) = t**3 - 5*t**2 - 4*t + 5. Calculate the remainder when w is divided by s(6).
15
Let i = 97 + -69. Let b = i - 18. Calculate the remainder when b is divided by 3.
1
Suppose 1 = 4*m - 39. Suppose i = m - 3. Calculate the remainder when i is divided by 2.
1
Let d = 21 - 21. Suppose a - 10 + 5 = d. Suppose 0 = -y - 2*x + 7, 2*y = x + 2*x + 14. Calculate the remainder when y is divided by a.
2
Let t be 2 + -2 + (1 - -129). Suppose -3*k + 8*k = t. Calculate the remainder when k is divided by 14.
12
Let d be ((-4)/6)/((-2)/9). Let p = 4 - d. What is the remainder when 2 + (1 - (0 + 1)) is divided by p?
0
Let f be (-47)/(-9) + (-4)/18. Let a(v) = 3 + 4*v + 4 + v**2 + v**2 - f. Calculate the remainder when a(-3) is divided by 5.
3
What is the remainder when 5082/49 + 4/14 is divided by 9?
5
Let y(c) = -c**2 + 6*c + 7. Let s be y(-7). Let u = -47 - s. Calculate the remainder when u is divided by 19.
18
Suppose 0 = -9*s + 5*s + 140. What is the remainder when s is divided by 9?
8
Let d(w) = -5*w - 11. What is the remainder when 100 is divided by d(-9)?
32
Suppose 68*m - 71*m + 105 = 0. Calculate the remainder when m is divided by 19.
16
Let h be 188/12 - 2/3. Suppose -3*l + 15 = -h. Let a(w) = -w**3 - 6*w**2 - 5*w + 6. Calculate the remainder when l is divided by a(-5).
4
Suppose -5*n + l = -62, 2*l = -2*n + 5*l + 17. Let j be -4 + 1*(-1)/(-1). Let y = j + n. What is the remainder when y is divided by 4?
2
Suppose -5*a + 35 + 105 = 0. What is the remainder when 53 is divided by a?
25
Let y = 5 - 2. Suppose 3*r - 21 - 54 = -y*f, 0 = 4*f - 16. Calculate the remainder when r is divided by 11.
10
Let x(p) = 6*p**2 + 1. Let q be 4/1*1/(-2). What is the remainder when 48 is divided by x(q)?
23
Let t(d) = d**3 - 8*d**2 + 9*d + 3. Calculate the remainder when 50 is divide